{"id":2790,"date":"2025-11-11T13:42:03","date_gmt":"2025-11-11T12:42:03","guid":{"rendered":"http:\/\/www.srg-riss.de\/?page_id=2790"},"modified":"2025-11-11T13:48:01","modified_gmt":"2025-11-11T12:48:01","slug":"onlineshop-srg-riss","status":"publish","type":"page","link":"http:\/\/www.srg-riss.de\/?page_id=2790","title":{"rendered":"Onlineshop SRG Riss"},"content":{"rendered":"\n<p><\/p>\n\n\n\n<p>Im neu eingerichteten Onlineshop unserer Gruppe k\u00f6nnt ihr ab sofort ganzj\u00e4hrig Warmmach- Kleidung mit Schirigruppen Logo bestellen. <\/p>\n\n\n\n<p>Untenstehend findet Ihr eine Kurzanleitung, wie ihr am besten vorgeht. <\/p>\n\n\n\n<p>Wer sich dennoch schwer tut, kann sich gerne bei David Kaiser melden (01578 2437486).<\/p>\n\n\n\n<p><strong>Schritt 1:<\/strong><\/p>\n\n\n\n<p><a href=\"http:\/\/srgriss.teamandplayer.de\" target=\"_blank\" rel=\"noreferrer noopener\"><strong>srgriss.teamandplayer.de<\/strong><\/a> aufrufen<\/p>\n\n\n\n<p><strong>Schritt 2:<\/strong><\/p>\n\n\n\n<p>Passwort &#8222;shop-srg-riss&#8220; eingeben<\/p>\n\n\n\n<figure class=\"wp-block-image size-full\"><a href=\"http:\/\/www.srg-riss.de\/wp-content\/uploads\/2025\/11\/image.png\"><img loading=\"lazy\" width=\"715\" height=\"308\" src=\"http:\/\/www.srg-riss.de\/wp-content\/uploads\/2025\/11\/image.png\" alt=\"\" class=\"wp-image-2791\" srcset=\"http:\/\/www.srg-riss.de\/wp-content\/uploads\/2025\/11\/image.png 715w, http:\/\/www.srg-riss.de\/wp-content\/uploads\/2025\/11\/image-300x129.png 300w, http:\/\/www.srg-riss.de\/wp-content\/uploads\/2025\/11\/image-624x269.png 624w\" sizes=\"(max-width: 715px) 100vw, 715px\" \/><\/a><\/figure>\n\n\n\n<p><\/p>\n\n\n\n<p><strong>Schritt 3:<\/strong><\/p>\n\n\n\n<p>Auf der nachfolgenden Seite muss man sich bei erstmaliger Benutzung des Shops registrieren&nbsp;(Option 1) oder mit seinen bereits angelegten Zugangsdaten einloggen (Option 2).<\/p>\n\n\n\n<p><strong>Wichtig<\/strong>: bei der Passwortvergabe m\u00fcsst ihr folgende Anweisung beachten:<\/p>\n\n\n\n<p><em>Mindestens ein Gro\u00dfbuchstabe, eine Zahl, muss 7 Zeichen lang sein und darf keine sich wiederholenden W\u00f6rter oder gebr\u00e4uchlichen W\u00f6rter enthalten.<\/em><\/p>\n\n\n\n<figure class=\"wp-block-image size-full\"><a href=\"http:\/\/www.srg-riss.de\/wp-content\/uploads\/2025\/11\/image-1.png\"><img loading=\"lazy\" width=\"671\" height=\"804\" src=\"http:\/\/www.srg-riss.de\/wp-content\/uploads\/2025\/11\/image-1.png\" alt=\"\" class=\"wp-image-2792\" srcset=\"http:\/\/www.srg-riss.de\/wp-content\/uploads\/2025\/11\/image-1.png 671w, http:\/\/www.srg-riss.de\/wp-content\/uploads\/2025\/11\/image-1-250x300.png 250w, http:\/\/www.srg-riss.de\/wp-content\/uploads\/2025\/11\/image-1-624x748.png 624w\" sizes=\"(max-width: 671px) 100vw, 671px\" \/><\/a><\/figure>\n\n\n\n<p><\/p>\n\n\n\n<p><strong>Schritt 4:<\/strong><\/p>\n\n\n\n<p>Nach erfolgreicher Registrierung\/Einloggen seid ihr im gesch\u00fctzten Bereich und k\u00f6nnt einkaufen. <\/p>\n\n\n\n<figure class=\"wp-block-image size-large\"><a href=\"http:\/\/www.srg-riss.de\/wp-content\/uploads\/2025\/11\/image-2.png\"><img loading=\"lazy\" width=\"1024\" height=\"295\" src=\"http:\/\/www.srg-riss.de\/wp-content\/uploads\/2025\/11\/image-2-1024x295.png\" alt=\"\" class=\"wp-image-2793\" srcset=\"http:\/\/www.srg-riss.de\/wp-content\/uploads\/2025\/11\/image-2-1024x295.png 1024w, http:\/\/www.srg-riss.de\/wp-content\/uploads\/2025\/11\/image-2-300x86.png 300w, http:\/\/www.srg-riss.de\/wp-content\/uploads\/2025\/11\/image-2-768x221.png 768w, http:\/\/www.srg-riss.de\/wp-content\/uploads\/2025\/11\/image-2-624x180.png 624w, http:\/\/www.srg-riss.de\/wp-content\/uploads\/2025\/11\/image-2.png 1041w\" sizes=\"(max-width: 1024px) 100vw, 1024px\" \/><\/a><\/figure>\n","protected":false},"excerpt":{"rendered":"<p>Im neu eingerichteten Onlineshop unserer Gruppe k\u00f6nnt ihr ab sofort ganzj\u00e4hrig Warmmach- Kleidung mit Schirigruppen Logo bestellen. Untenstehend findet Ihr eine Kurzanleitung, wie ihr am besten vorgeht. Wer sich dennoch schwer tut, kann sich gerne bei David Kaiser melden (01578 2437486). Schritt 1: srgriss.teamandplayer.de aufrufen Schritt 2: Passwort &#8222;shop-srg-riss&#8220; eingeben Schritt 3: Auf der nachfolgenden [&hellip;]<\/p>\n","protected":false},"author":1,"featured_media":0,"parent":0,"menu_order":0,"comment_status":"closed","ping_status":"closed","template":"","meta":[],"_links":{"self":[{"href":"http:\/\/www.srg-riss.de\/index.php?rest_route=\/wp\/v2\/pages\/2790"}],"collection":[{"href":"http:\/\/www.srg-riss.de\/index.php?rest_route=\/wp\/v2\/pages"}],"about":[{"href":"http:\/\/www.srg-riss.de\/index.php?rest_route=\/wp\/v2\/types\/page"}],"author":[{"embeddable":true,"href":"http:\/\/www.srg-riss.de\/index.php?rest_route=\/wp\/v2\/users\/1"}],"replies":[{"embeddable":true,"href":"http:\/\/www.srg-riss.de\/index.php?rest_route=%2Fwp%2Fv2%2Fcomments&post=2790"}],"version-history":[{"count":9,"href":"http:\/\/www.srg-riss.de\/index.php?rest_route=\/wp\/v2\/pages\/2790\/revisions"}],"predecessor-version":[{"id":2805,"href":"http:\/\/www.srg-riss.de\/index.php?rest_route=\/wp\/v2\/pages\/2790\/revisions\/2805"}],"wp:attachment":[{"href":"http:\/\/www.srg-riss.de\/index.php?rest_route=%2Fwp%2Fv2%2Fmedia&parent=2790"}],"curies":[{"name":"wp","href":"https:\/\/api.w.org\/{rel}","templated":true}]}}